870 + -13694. What is the highest common divisor of d and 37136?
176
Suppose w + 2 = 0, -3*x - 67 = 10*w - 8*w. Suppose 2*r = -4*q - 45 - 3, 5*r - q + 120 = 0. Let m = x - r. What is the greatest common factor of m and 3?
3
Suppose -5*b + u - 5420 = -3*u, 5*b - 3*u = -5415. Let t = 2120 + b. Calculate the highest common factor of 65 and t.
65
Let l = -277 - -190. Let b = l + 113. What is the highest common divisor of b and 208?
26
Suppose -3*w = -243*m + 239*m + 1242, 4*m + 5*w - 1226 = 0. What is the highest common divisor of m and 3?
3
Suppose -i = -3*j - 555, 7*i + 5*j = 11*i - 2213. Calculate the greatest common factor of 6 and i.
6
Suppose 0 = -18*l + 23*l - 30. Let g be (10/((-120)/l))/((-2)/160). Calculate the greatest common divisor of g and 56.
8
Let m be -1*(-3 - -4) + -285. Let j be 0/(2 + -5) - m. Let u(a) = 13*a + 130. Let x be u(-8). What is the highest common divisor of x and j?
26
Suppose 0*g = 13*g + 7*g - 3360. Calculate the highest common factor of g and 112.
56
Suppose -4028*g + 4058*g - 710850 = 0. Calculate the greatest common divisor of g and 35.
35
Suppose 5*y - 1294 = 276. Suppose 5*q + h = 318, 5*q - 23*h - y = -26*h. What is the greatest common divisor of q and 336?
16
Let x = -30 + 44. Let n = x - -5. Suppose n - 289 = -2*i - 4*t, i - t - 147 = 0. What is the greatest common factor of 13 and i?
13
Suppose 9*c - 21*c + 24 = 0. Let j be (-2 - c) + 333 + -5. What is the greatest common factor of j and 36?
36
Let h(f) = 1869 - 2*f**2 + 1803 - 3741 + 57*f. Let w be h(27). What is the highest common divisor of w and 52?
4
Let l = 27755 + -5854. What is the greatest common factor of l and 181?
181
Let r = -5705 - -5796. Let c(s) = 6*s + 1. Let i be c(1). What is the highest common divisor of i and r?
7
Let j(z) = 67*z - 67. Let w be j(21). What is the greatest common factor of 603 and w?
67
Let v = 17458 - 17263. Calculate the highest common divisor of v and 885.
15
Let p(q) = q**3 - 79*q**2 - 55*q - 1988. Let a be p(80). Calculate the greatest common factor of a and 192.
12
Suppose 32*m - 50*m - 37990 = -149*m. Suppose 8 = -4*g, 6*a - 2*a - 76 = -2*g. Calculate the highest common factor of a and m.
10
Let g(l) = -47*l - 3939. Let j be g(-84). Calculate the greatest common factor of 11601 and j.
9
Let q be (-6 + 1)/(105/(-7812)). What is the highest common factor of 48 and q?
12
Let d(y) = 3*y**2 + 18*y + 22 + 22 - 58 + 0*y**2. Let z be d(-7). Calculate the highest common divisor of z and 14.
7
Let a be (60/105 + (-30)/28)*-298. What is the highest common divisor of 9 and a?
1
Suppose -16*k = -2762 - 502. Let a = k + -194. What is the greatest common divisor of 160 and a?
10
Let x(s) = -6*s + 2750. Let v be x(-81). What is the highest common divisor of 4 and v?
4
Let b(h) = h**3 + 10*h**2 - 3*h - 21. Let l be b(-10). Suppose 0 = 4*o - 40 + 272. Let g = -31 - o. What is the greatest common divisor of l and g?
9
Let c be (2640/14)/((-17)/(-119)). Let x be c/39 - 2/(-13). Let i = 44 - x. Calculate the highest common factor of 10 and i.
10
Let s = 245 - 230. Suppose n - s = 45. What is the highest common divisor of n and 20?
20
Let f be (2 - 12/4)*1024. Let i be f/56 - (-2)/7. Let p = 5 - i. Calculate the greatest common factor of 92 and p.
23
Let f = -15537 + 15849. What is the highest common factor of 780 and f?
156
Suppose -5*i + 904 = j, i + 0*i + 2*j - 188 = 0. Let q be 10*(-1576)/(-440) + (-4)/(-22). What is the greatest common factor of q and i?
36
Let a be ((-6693)/873)/(23/(-3)). What is the highest common factor of a and 7121?
1
Let q(c) = -c**2 + 70*c + 3082. Let n be q(98). What is the highest common factor of 221 and n?
13
Suppose -36*o + 947 + 967 = 438. Calculate the greatest common factor of o and 3403.
41
Suppose -59*v + 16 = -55*v. Suppose 0 = -76*g + 6441 + 1159. Calculate the highest common factor of g and v.
4
Let u = 26 - 9. Let y be -14 - -17 - (131 + 0). Let t = y + 264. Calculate the highest common divisor of t and u.
17
Let p = -7265 - -7474. Calculate the highest common factor of 88 and p.
11
Let d(r) = 8*r**2 - 18*r - 19. Let x be d(13). Suppose -5*t + 294 - x = 0. Let c = t + 305. Calculate the greatest common divisor of 16 and c.
16
Let k = 36779 + -36677. Let j(f) = -3*f**3 + 4*f**2 + 2. Let u be j(-3). What is the highest common factor of k and u?
17
Suppose 2*x - 340 = -286*w + 282*w, -w = x - 86. What is the highest common divisor of 4578 and w?
42
Suppose 121*d = 97*d + 26928. What is the highest common divisor of d and 68?
34
Suppose -74 = -3*w + 5*f + 9, -3*f = 5*w - 93. Suppose 3 - w = -s. What is the highest common divisor of s and 126?
18
Suppose m = 0, m + m + 3518 = y - 4160. Calculate the highest common divisor of y and 154.
22
Suppose -2*w = 13 - 113. Let x = -1287 - -1297. What is the highest common factor of x and w?
10
Let s(x) = -368*x - 2108. Let n be s(-7). Calculate the greatest common factor of 228 and n.
12
Let g be (2 - -441)*1*62/(-31). Let f = g + 900. What is the greatest common factor of f and 63?
7
Suppose f = -c - 63, 2*f + 5*c - 365 = 7*f. Let r = f + 73. Suppose r*l - 1 = 174. Calculate the greatest common factor of l and 14.
7
Let x be (-2 - 3) + 0 + 26. Suppose -4*j + x*j + 34 = 0. Let u(n) = -29*n - 8. Let l be u(j). Calculate the greatest common divisor of l and 20.
10
Suppose 4*f + 5*g = 440, 5*f + 0*g = -g + 550. Let q be (21/(-42) - (-8)/(-4))*(-132)/5. What is the greatest common divisor of f and q?
22
Suppose -55*s = -180*s + 81000. Let x(l) = -l**2 + 25*l - 28. Let h be x(20). What is the greatest common factor of h and s?
72
Suppose -5*f = 4*j - 12, -f + 3 = -4*j - 9. Suppose 4*a + 102 = 19*c - 14*c, -f = -2*a. What is the highest common divisor of c and 77?
11
Let q = 723 - 643. Let a = q + 481. Calculate the highest common divisor of a and 34.
17
Let w be (-34 + 5258/110)/(1/115). What is the highest common factor of w and 161?
23
Let f(w) = 11 - w - 16*w + w**2 + 7 + 6. Let n be f(17). Calculate the highest common divisor of 60 and n.
12
Suppose -142*r + 144*r + 490 = 0. Let b = 331 + r. What is the highest common factor of b and 473?
43
Let j be (6/(-4))/((-6)/(-16)). Let u be (6/j)/((-2)/12). Let d = 127438 - 127432. What is the greatest common factor of u and d?
3
Let b(n) = 3*n**2 - 31*n + 328. Let t be b(19). Calculate the highest common divisor of 42 and t.
6
Let n = -4155 - -4389. Suppose -3*u = 3*c - 54, -3*c + u + 54 = -0*c. What is the highest common factor of n and c?
18
Let l = 11049 + -11039. Calculate the highest common divisor of 10 and l.
10
Suppose -25*m = 64472 - 256472. Calculate the highest common factor of 30 and m.
30
Let m = -17901 + 26874. What is the greatest common divisor of m and 18?
9
Suppose 3*j - 4*j - 2*t = 236, 2*t = j + 224. Let u = j - -527. What is the greatest common divisor of u and 11?
11
Suppose -4*q + h + 507 = 0, 3*h + 0*h = q - 135. Suppose 4*k - q = -2*k. What is the greatest common factor of k and 399?
21
Let j(a) = a**2 + 32*a + 280. Let p be j(-14). Suppose d - 4*s = 34, 2*d = -0*s - 3*s + 90. Calculate the highest common divisor of p and d.
14
Let u(o) = -44*o + 2772. Let z be u(25). Calculate the highest common factor of 264 and z.
88
Let m be 53/((-742)/(-210)) - -3742. What is the greatest common divisor of 52 and m?
13
Suppose 2*k + 42 - 50 = 0. Suppose 3*j + k = 19. Suppose m + 5*z = 124, -4*z - 306 = -j*m + 285. What is the greatest common divisor of 17 and m?
17
Suppose 12*j - 496 + 319 = 471. Calculate the highest common divisor of j and 18432.
18
Let h(t) = 2*t + 2. Let d = -112 - -113. Let p be h(d). Calculate the highest common divisor of 64 and p.
4
Suppose t + 694 = 2*f, f + 1730 = 6*f - 5*t. Let l = -296 + f. What is the greatest common factor of l and 52?
52
Let b = -197 - -555. Let t = 417 - b. What is the greatest common divisor of t and 59?
59
Let s = -135 + 116. Let w be -1*(6/(-3))/(-2)*s. Let r = 118 - w. What is the highest common divisor of 11 and r?
11
Let j be (-22)/(-4) + ((-119)/102)/(3/9). Calculate the highest common factor of j and 2030.
2
Suppose 0*s + s + 189 - 574 = 0. What is the highest common divisor of s and 990?
55
Suppose 0 = -3*n + 2*t - 13, 4*n = 2*t - 9 - 9. Let g be (-761)/n + (11/55)/(-1). What is the greatest common factor of g and 38?
38
Suppose -1259 - 4